prime factors of g(-4)?
3, 23
Let g(y) = y**2 - 9*y - 3. Let l be g(9). Let c be -1*6*2/l. Suppose 3*p = -c*k + 120, -4*k + 4*p + 38 = -54. What are the prime factors of k?
3
Suppose -5*g + 25 = 0, -4*d + 412 = 2*g + 118. Let f = -11 + d. What are the prime factors of (12 + -26)*f/(-14)?
2, 3, 5
Suppose 3*n - 12 - 6 = 0. Suppose -1449 = -a - n*a. What are the prime factors of a?
3, 23
List the prime factors of 783/2*(-10)/(-150)*20.
2, 3, 29
Suppose -3*a - 2*h = -5440, -108*a + 4*h - 5444 = -111*a. List the prime factors of a.
2, 3, 151
Let j(d) = -d**3 - 6*d**2 + 4*d - 2. Let f be j(-5). Let a = f + 75. Let s = 75 - a. What are the prime factors of s?
47
Suppose 8*n = 4049 - 1001. List the prime factors of n.
3, 127
Let x(k) = 3*k**2 + 5*k - 1. What are the prime factors of x(3)?
41
Let q be 49/8 - (-1)/(-8). What are the prime factors of 286/4 + q/4?
73
Suppose -2*l - 4*l = -810. Let x = l - 39. List the prime factors of x.
2, 3
Let b = 4 + 2. Let k(y) = y**2 + 1. Let q be k(b). Let h = -24 + q. List the prime factors of h.
13
Let l be (9 + 0)*80/15. Let q be (-16)/l + 7/3. Let t(b) = 18*b**2 - 6*b + 7. What are the prime factors of t(q)?
67
Suppose 30 = 4*u - 30. Suppose 0 = -2*p + m + 159, 0 = -7*m + 4*m + u. What are the prime factors of p?
2, 41
Let s be (8/10)/(13/455). Suppose -s = -4*q - 96. Let a(y) = y**2 + 15*y - 5. List the prime factors of a(q).
29
Let o = -7 + 13. Let n be o/(-3) + 36/(-2). What are the prime factors of (-61)/(-4) - 15/n?
2
Suppose -4*q = 2*d, q - 4*q = 3*d - 6. Let j be (q + 0)*(-5 - -11). Let v(z) = -z**3 - 12*z**2 - 2*z. What are the prime factors of v(j)?
2, 3
What are the prime factors of ((-856)/(-56) + -11)/(1/56)?
2, 3, 5
List the prime factors of (-144)/28*(-3717)/18.
2, 3, 59
Suppose z = -z + 2. Let b(p) = -4 - 6*p + z + 2 - 5*p. What are the prime factors of b(-2)?
3, 7
Let v(p) = 6*p**3 - 3*p**2 + p - 3. Let y(x) = -7*x**3 + 2*x**2 + 2. Let w(k) = -6*v(k) - 5*y(k). List the prime factors of w(5).
53
Let h(w) = -w**3 + 16*w**2 + 5*w - 21. Let k be 14 + (2 - 3)*-2. Let v be h(k). Let t = 93 - v. What are the prime factors of t?
2, 17
Let k = -3 - -5. Suppose -3*x + 8 = k. Suppose -7 = x*a - 53. What are the prime factors of a?
23
Let t = 23 + -41. Let v be (-11 - t)/(2 + -1). Let m(y) = 3*y. List the prime factors of m(v).
3, 7
Let n(k) = 2*k + 15. Let h be n(17). Suppose -h = -3*s - 10. Suppose -s*l + 140 = -8*l. List the prime factors of l.
2, 7
Let c be (1/(-2))/((-3)/36). Let o(n) = -n**2 - 12*n + 16. Let v be o(-13). Suppose -c*k + v*k = -18. What are the prime factors of k?
2, 3
Let v(r) = -21*r**2 - 13*r - 32. Let y be v(-20). What are the prime factors of y/(-48) - 1/4?
2, 5, 17
Let a(g) = 33*g + 79. What are the prime factors of a(11)?
2, 13, 17
Suppose -3*j + 12 = -5*t, -5*j = 4*t + 6 + 11. Let i(n) = -n**3 - 3*n. List the prime factors of i(t).
2, 3
Suppose 0 = 4*z - 3*z + 2. Let v(k) = 24 + 22 - 45 - 14*k. List the prime factors of v(z).
29
Suppose 2*h + 0*h + 8 = 0. Let y = 58 - h. What are the prime factors of y?
2, 31
Let n(r) = r + 3. Let d be n(5). Suppose 0 = d*f - 610 + 50. List the prime factors of f.
2, 5, 7
Let j = 121 - 82. Suppose -7*w + 1256 = -j. What are the prime factors of w?
5, 37
Let q = -956 + 2158. What are the prime factors of q?
2, 601
Let k(p) = 11*p**2 + 10*p + 210. What are the prime factors of k(15)?
3, 5, 7
Suppose 2*t - 4 = 3*t - 2*k, -5*t + 3*k + 15 = 0. Suppose 431 = 3*j - 2*c, 0 = 5*j + t*c - c - 760. What are the prime factors of j?
3, 7
Let y be 2/((-2)/(-3))*-3. Let a = 6 + y. List the prime factors of (-1 + a)/(-4) - -2.
3
Let m(f) = -f**3 + 6*f**2 - 7. Let j be m(6). List the prime factors of 8/(-10)*(j + -68).
2, 3, 5
Let a be 1 + 3 + (-3 - -4). Suppose a*t + 3*i + 0 = 40, 0 = -i - 5. List the prime factors of 605/t + 8/(-2).
3, 17
Let u(z) = 0*z + 57 + z - 2*z. What are the prime factors of u(18)?
3, 13
What are the prime factors of 1/10 + 232225/250?
929
Let n(k) be the first derivative of 2*k**3/3 - 4*k**2 + 6*k + 4. Let u(s) be the first derivative of n(s). List the prime factors of u(8).
2, 3
Let i(f) = f + 7. Suppose 6*j - 2*j - 9 = -w, -3*w + 2*j - 15 = 0. Let v = w + -1. What are the prime factors of i(v)?
3
Let q = -129 + 191. Suppose 0 = -65*l + q*l + 750. What are the prime factors of l?
2, 5
Let z = 76 - 72. Suppose -3*y + 86 = -2*b, -5*y + y + 128 = z*b. What are the prime factors of y?
2, 3, 5
Suppose 5*n - 435 = -o, 886 = 7*o - 5*o + 2*n. List the prime factors of o.
5, 89
Suppose 12 = -2*s - 2. Let p = s - -8. Suppose -j + 10 + p = 0. List the prime factors of j.
11
Let b be (-9)/6*10/3. Let u = b + 9. Suppose 5*r - u = 4*r. List the prime factors of r.
2
Let c(b) be the second derivative of 0 + 11/6*b**3 + 2*b**2 + 6*b. What are the prime factors of c(2)?
2, 13
Let k be -5*(3 + -9)/(-6). Let m(y) be the first derivative of -11*y**2/2 - 2*y + 2. List the prime factors of m(k).
53
Suppose 7*m = 5*m - 140. Let p(q) = -q**2 + 9*q + 14. Let s be p(10). List the prime factors of (360/(-126))/(s/m).
2, 5
Suppose 0 = 3*a + n + 267, 2*a + a - n + 273 = 0. What are the prime factors of (3 - 2)/((-3)/a)?
2, 3, 5
Let r = -7 - -10. Let m be (-3)/(-2 + -2 + r). List the prime factors of 8 + (2 - 12/m).
2, 3
Let z be ((-1311)/3)/((-4)/12). Suppose o - z = -3*c - 2*o, 0 = -4*c + 5*o + 1703. List the prime factors of (6/(-8))/((-6)/c).
2, 3
Let x(q) = -q**2 - 15*q + 39. Let y be x(-17). Suppose y*l - 138 = 972. List the prime factors of l.
2, 3, 37
Let g be (12/(-15))/(4/(-390)). Let q = -45 + 77. Let z = g - q. What are the prime factors of z?
2, 23
Let j = 61 - 22. Let r = -14 - -25. Suppose -c = -3*d + j, -4*c = d - 2 - r. List the prime factors of d.
13
Let a(v) = -v**3 - 9*v**2 + v + 7. Let h be a(-9). Let m(y) be the third derivative of -13*y**4/24 - y**3/2 + 6*y**2. What are the prime factors of m(h)?
23
Let v = 8945 - 3457. What are the prime factors of v?
2, 7
Suppose 1240 + 548 = 3*s. What are the prime factors of s?
2, 149
Let y = 1093 + -590. List the prime factors of y.
503
Let u(j) = -8*j + 4. Let d(c) = -17*c + 8. Let w(r) = 2*d(r) - 5*u(r). Let n be w(5). Suppose -y + 16 = -n. What are the prime factors of y?
2, 3, 7
Let f(m) = -8*m**3 - 6*m**2 - 26*m - 3. List the prime factors of f(-5).
977
Let c be 85/7 - (-2)/(-14). Let m(g) = 12*g + 2*g + 3 - 2*g - g**2. What are the prime factors of m(c)?
3
Suppose -2*m = 0, 6*y + 5*m = 8*y - 1844. List the prime factors of y.
2, 461
Let h(s) = s - 1. Let c be h(-2). Suppose 454*y - 14 = 447*y. What are the prime factors of 71 - c/(-1) - y?
2, 3, 11
Let b(q) = -3*q - 2. Let g be (-1)/(2 + 15/(-8)). Let r = -13 - g. List the prime factors of b(r).
13
Let g(w) = -2*w**3 + 3*w**2 - 4*w + 4. Let l be g(3). What are the prime factors of 2/(-5) - 1064/l?
2, 3, 5
What are the prime factors of (603 + 6)*(-6 + 9)?
3, 7, 29
List the prime factors of (-194)/(-2037) - 25868/(-42).
2, 7, 11
Suppose 3*q = q - 52. Let n = q + 39. What are the prime factors of n?
13
Let k(f) = 7*f + 825. List the prime factors of k(-56).
433
Let y(i) = 15*i**2 - i + 2. Let g be (2/(-4))/((-5)/10). What are the prime factors of y(g)?
2
Suppose 2 = c - 4*g - 9, 99 = 5*c + 2*g. Let p = 19 - c. Suppose 2*j - 4*o - 60 = p, 100 = -2*j + 6*j - 3*o. What are the prime factors of j?
2, 11
Let p(y) = -y**3 + 11*y**2 + 19. Let n be p(9). Let r be n/3 + (-7)/21. Let j = 101 - r. What are the prime factors of j?
41
Suppose 4*m - 178 - 455 = -t, 2*t - 10 = 0. List the prime factors of m.
157
Let u = -1414 + 5329. List the prime factors of u.
3, 5, 29
Suppose -2*x = 5*m + 10, 2*m - 18 = 4*m - 2*x. Let i be (5/m)/(1/(-16)). Let h = 38 - i. List the prime factors of h.
2, 3
Let w = 166 - 23. Let b = w - 125. List the prime factors of b.
2, 3
Let a(y) = -y + 16. Let g be a(11). Suppose -169 = -g*k - 14. List the prime factors of k.
31
Let a(i) = -3*i - 17. Let x = 25 + -32. Let u be a(x). Suppose -3*z + s + 77 = 0, -s = 5*z - u*z - 23. List the prime factors of z.
5
Let i = -1 - -9. Let f be (-405)/(-20) + 6/i. Suppose -f = -2*l + 27. List the prime factors of l.
2, 3
Suppose -211 = -u + o - 18, 2*o = u - 196. Let x = -114 + u. List the prime factors of x.
2, 19
Suppose 64*u - 65*u - 15 = 0. What are the prime factors of (-1)/(-3) + u*(-507)/2